inder when 1666011 is divided by 53742?
9
Calculate the remainder when 221460 is divided by 4334.
426
What is the remainder when 273088 is divided by 24800?
288
What is the remainder when 52913357 is divided by 283?
281
Calculate the remainder when 13669480 is divided by 6834737.
6
What is the remainder when 4091039 is divided by 4091024?
15
Calculate the remainder when 3280362 is divided by 38592.
42
Calculate the remainder when 37241 is divided by 18572.
97
Calculate the remainder when 394322211 is divided by 426.
423
Calculate the remainder when 48963 is divided by 12275.
12138
Calculate the remainder when 299138 is divided by 1080.
1058
Calculate the remainder when 415775 is divided by 660.
635
What is the remainder when 3375126 is divided by 560?
6
Calculate the remainder when 1344197 is divided by 192020.
57
Calculate the remainder when 2353170598 is divided by 99.
97
Calculate the remainder when 972269 is divided by 234.
233
What is the remainder when 54174535 is divided by 718?
717
What is the remainder when 46046 is divided by 7578?
578
What is the remainder when 90657 is divided by 45032?
593
What is the remainder when 120830 is divided by 29533?
2698
What is the remainder when 83929 is divided by 83902?
27
What is the remainder when 215052471 is divided by 142892?
11
What is the remainder when 124271 is divided by 1218?
35
What is the remainder when 1600797 is divided by 301?
79
What is the remainder when 100425 is divided by 1014?
39
Calculate the remainder when 837681 is divided by 209414.
25
What is the remainder when 714623 is divided by 13720?
1183
What is the remainder when 136844 is divided by 63?
8
What is the remainder when 2775526 is divided by 71167?
13
What is the remainder when 648106 is divided by 2474?
2392
Calculate the remainder when 5291036 is divided by 96.
92
What is the remainder when 23961 is divided by 2984?
89
What is the remainder when 105814 is divided by 28?
2
What is the remainder when 22673955 is divided by 179?
25
What is the remainder when 2179747 is divided by 25?
22
What is the remainder when 86975 is divided by 6954?
3527
Calculate the remainder when 12361123 is divided by 12.
7
What is the remainder when 6579684 is divided by 177829?
11
Calculate the remainder when 3302179 is divided by 2832.
67
What is the remainder when 1130265 is divided by 62791?
27
What is the remainder when 4835439 is divided by 805905?
9
What is the remainder when 289699 is divided by 3325?
424
Calculate the remainder when 210657 is divided by 2060.
537
Calculate the remainder when 59637099 is divided by 72.
3
Calculate the remainder when 252205 is divided by 126015.
175
Calculate the remainder when 38398 is divided by 4243.
211
What is the remainder when 21482788 is divided by 2559?
2542
What is the remainder when 5320945 is divided by 490?
35
Calculate the remainder when 208182 is divided by 24.
6
What is the remainder when 2524754 is divided by 194211?
11
Calculate the remainder when 40670547 is divided by 2833.
2832
What is the remainder when 196611 is divided by 72?
51
Calculate the remainder when 2073614 is divided by 18.
14
What is the remainder when 18402645 is divided by 44?
41
What is the remainder when 263100 is divided by 590?
550
What is the remainder when 5704479 is divided by 706?
705
Calculate the remainder when 17185632 is divided by 64.
32
Calculate the remainder when 35867 is divided by 680.
507
What is the remainder when 5370569 is divided by 99454?
53
What is the remainder when 68548131 is divided by 1830?
1821
What is the remainder when 2520896 is divided by 794?
740
Calculate the remainder when 6850957 is divided by 16.
13
Calculate the remainder when 192303 is divided by 1007.
973
What is the remainder when 479337702 is divided by 55?
52
Calculate the remainder when 327493 is divided by 46727.
404
Calculate the remainder when 60159043 is divided by 7503.
7492
Calculate the remainder when 586165 is divided by 1389.
7
What is the remainder when 25394213 is divided by 844?
785
Calculate the remainder when 52191 is divided by 17371.
78
What is the remainder when 15125063 is divided by 11919?
11771
What is the remainder when 659858 is divided by 8798?
8
What is the remainder when 444667 is divided by 1853?
1800
Calculate the remainder when 4856863 is divided by 84.
67
Calculate the remainder when 444154 is divided by 73747.
1672
What is the remainder when 377913 is divided by 851?
69
What is the remainder when 46651 is divided by 7651?
745
Calculate the remainder when 6667 is divided by 6420.
247
What is the remainder when 355453 is divided by 29618?
37
Calculate the remainder when 6719718 is divided by 213.
207
Calculate the remainder when 809885 is divided by 2882.
43
What is the remainder when 166016 is divided by 1601?
1113
Calculate the remainder when 31478 is divided by 1860.
1718
What is the remainder when 141949589 is divided by 68?
65
Calculate the remainder when 23320794 is divided by 350.
294
What is the remainder when 18738123 is divided by 18738063?
60
What is the remainder when 3129555 is divided by 223537?
37
What is the remainder when 141272 is divided by 13363?
7642
What is the remainder when 1512749 is divided by 137?
132
What is the remainder when 327437 is divided by 327420?
17
What is the remainder when 40528 is divided by 6669?
514
Calculate the remainder when 17746 is divided by 307.
247
Calculate the remainder when 3207212 is divided by 613.
609
Calculate the remainder when 1189033836 is divided by 21.
18
Calculate the remainder when 1319344 is divided by 1319343.
1
What is the remainder when 42863 is divided by 42779?
84
Calculate the remainder when 113391 is divided by 56693.
5
What is the remainder when 651930 is divided by 217183?
381
What is the remainder when 316411 is divided by 14364?
403
What is the remainder when 8304539 is divided by 14171?
333
Calculate the remainder when 3946519 is divided by 287.
269
What is the remainder when 1030604 is divided by 173?
43
What is the remainder when 8032429 is divided by 505?
404
What is the remainder when 143028 is divided by 179?
7
Calculate the remainder when 5261 is divided by 1607.
440
What is the remainder when 236595318 is divided by 423?
420
Calculate the remainder when 10912 is divided by 311.
27
What is the remainder when 124482451 is divided by 252?
247
Calculate the remainder when 4792525 is divided by 252238.
3
Calculate the remainder when 2213805 is divided by 244.
237
What is the remainder when 8192 is divided by 362?
228
Calculate the remainder when 44470144 is divided by 419.
417
Calculate the remainder when 1421787 is divided by 17997.
24
What is the remainder when 6979678 is divided by 131?
129
What is the remainder when 108772 is divided by 106158?
2614
What is the remainder when 3866284 is divided by 21?
16
What is the remainder when 421566 is divided by 105377?
58
Calculate the remainder when 41880174 is divided by 101.
19
What is the remainder when 422571431 is divided by 3021?
3014
What is the remainder when 965104 is divided by 112?
0
What is the remainder when 3790891 is divided by 1453?
14
What is the remainder when 27102528 is divided by 35?
33
Calculate the remainder when 539806 is divided by 179921.
43
What is the remainder when 47013 is divided by 2357?
2230
Calculate the remainder when 91158645 is divided by 5820.
5805
Calculate the remainder when 2192196 is divided by 3040.
356
Calculate the remainder when 5000578 is divided by 89.
24
What is the remainder when 1114952 is divided by 1718?
1688
Calculate the remainder when 458282 is divided by 1273.
2
What is the remainder when 2129543 is divided by 49?
3
Calculate the remainder when 5740990 is divided by 1148194.
20
What is the remainder when 493070 is divided by 17609?
18
What is the remainder when 1511690 is divided by 514?
16
Calculate the remainder when 3918662 is divided by 92.
14
Calculate the remainder when 2685794 is divided by 908.
838
What is the remainder when 17090 is divided by 1771?
1151
What is the remainder when 632906 is divided by 3360?
1226
What is the remainder when 116241177 is divided by 132?
129
Calculate the remainder when 78967447 is divided by 28.
27
Calculate the remainder when 62253 is divided by 1516.
97
Calculate the r